j + 34. Let r = b + 37. Calculate the greatest common divisor of r and 144.
16
Suppose 0 = 8*o - 652 - 356. Suppose 6*p - o = -p. What is the greatest common factor of p and 2?
2
Suppose -3*d + 948 = 4*r, 236 = 15*r - 14*r + d. Calculate the highest common divisor of 15 and r.
15
Suppose -m = 2*m - 6. Let v(t) = t**2 + 4*t + 6. Let d be v(-3). Suppose -d*f = -m*f - 50. What is the greatest common factor of 75 and f?
25
Let b be (1 + -193)*(-15)/45. What is the greatest common factor of 24 and b?
8
Let f = -350 + 351. What is the highest common divisor of 27 and f?
1
Let d be (-6)/33 + (2 - (-8755)/55). Calculate the greatest common factor of 253 and d.
23
Suppose -2*c - 2*s = -s - 62, 0 = -5*c + 2*s + 173. Calculate the greatest common factor of 44 and c.
11
Suppose 11947 - 2377 = 5*k. Let f be k/55 + (-1)/(-5). Calculate the highest common factor of f and 175.
35
Let d(w) = 4*w**2 + 2*w + 1. Let i be d(-1). Let m = i - 1. Suppose r - 12 = -9. What is the greatest common factor of r and m?
1
Let w be (-23 + 19)/((-1)/52). Calculate the greatest common divisor of 160 and w.
16
Let q = 6 - -44. Suppose 0 = 5*m - 3*g + 8, -m + 4*g = -8 - 4. Let k be 2/(m/(-18)) + 1. What is the highest common factor of k and q?
10
Suppose 0 = -2*b - z + 3*z, -5*z = -20. Suppose -b*n - 42 - 142 = 0. Let t = 66 + n. What is the greatest common factor of t and 30?
10
Let h(u) = -u**3 + 3*u**2 - 2*u. Suppose -3*w + 5 + 7 = 0. Let b be h(w). Let f be ((-13)/6)/(4/b). What is the greatest common factor of f and 13?
13
Suppose 23 = 4*u - l, 3*u - 2*u - 17 = 4*l. Suppose 2*c = -4*i - 10, -3*c + u*i = i - 25. What is the greatest common factor of c and 15?
3
Suppose 0 = t + a - 48, -t + 40 = 11*a - 6*a. Suppose 55*c = t*c + 480. What is the highest common divisor of 72 and c?
24
Suppose 7*j - 11*j + 5*c + 113 = 0, -j - 4*c + 23 = 0. Calculate the greatest common factor of j and 27.
27
Suppose 84*n - 184 = 80*n. Calculate the greatest common factor of n and 1127.
23
Let r be ((-2)/10*9)/(93/(-1550)). Calculate the greatest common factor of r and 12.
6
Suppose 213*i = 205*i + 312. What is the highest common factor of 3 and i?
3
Let c = 5497 + -5461. Let z(b) = 2*b + 1. Let h(x) = -4*x - 2. Let f(t) = 6*h(t) + 11*z(t). Let w be f(-5). Calculate the greatest common factor of w and c.
9
Let p = -614 - -616. Calculate the highest common factor of 72 and p.
2
Suppose -5*n + 14 = -1. Let l(p) = 9*p + 3. Let u be l(n). What is the greatest common factor of u and 12?
6
Suppose -u = -2, 3*r - 34 = 7*r - 5*u. Suppose 6*p = 3*p + 63. Let f = r + p. Calculate the highest common divisor of f and 135.
15
Let d(g) = -g**2 + 21*g - 14. Let w be d(20). What is the highest common divisor of 168 and w?
6
Let c(f) = f + 4. Let y be c(-7). Let w = -8 + y. Let r = 23 + w. What is the highest common factor of r and 30?
6
Let v be (5725/(-4))/(-25) - (-1)/(-4). Calculate the highest common divisor of 9 and v.
3
Let y(n) = -n + 1. Let o(t) = t - 5. Let z be (-15)/9*(-6)/(-2). Let q(a) = z*y(a) - o(a). Let h be q(3). What is the highest common divisor of h and 60?
12
Suppose 6*b = 9*b - 6. Let w(x) = 2*x**3 + 2*x**b + 3*x**2 + 3*x**2 - 7 - 3*x**3 + 9*x. Let g be w(7). Calculate the greatest common factor of g and 21.
21
Let l(u) = 2*u**2 + 33*u + 138. Let j be l(-26). What is the greatest common factor of j and 8?
8
Let l = -15 - -11. Let d be 106 + (l/(-2))/(-2). Let y be ((-42)/(-4))/1*2. Calculate the greatest common divisor of y and d.
21
Let h = -7 + 23. Let w be 4*(-6)/64 - 262/(-16). Calculate the greatest common divisor of w and h.
16
Let g be (-32)/(-176) + (-702)/(-11). Suppose -5*r + i + g = -3*i, -3*r + 31 = 5*i. Calculate the greatest common divisor of 4 and r.
4
Let y = -115 + 179. Calculate the highest common divisor of y and 256.
64
Suppose -14*x + 24 = -6*x. Suppose -f + 8*u = 5*u - 47, -x*f = -u - 101. Suppose a = -3*a + 192. What is the greatest common divisor of f and a?
16
Let d = -34 - 57. Let v = -42 - d. Let g = 74 - 67. What is the highest common factor of g and v?
7
Suppose 4*n = 18*n - 70. Suppose -n*m = 8*m - 143. Let f be ((-11)/(-2))/((-2)/(-20)). Calculate the greatest common divisor of m and f.
11
Suppose -14 = 37*i - 88. Calculate the greatest common divisor of i and 14.
2
Let f be -2 - -2 - (4 + 2 + -8). Suppose -4 = 2*v - 9*o + 5*o, f*o = 3*v - 14. Calculate the highest common factor of 2 and v.
2
Let f be 133/38*2592/28. Let s(r) = 2*r**2 - 8*r - 6. Let x be s(7). What is the highest common divisor of f and x?
36
Let y = 240 - 235. Calculate the highest common factor of 2 and y.
1
Let f be ((-171)/(-5))/((-60)/(-200)). Let q = f - 72. Suppose -16 = -4*z + 8. Calculate the highest common factor of z and q.
6
Let l(d) = -d**2 + 32*d - 35. Let t be l(29). Calculate the greatest common divisor of 26 and t.
26
Let c(u) = u**3 - 7*u**2 + 7*u + 6. Let s be c(6). Let n(z) = -12*z - 288. Let i be n(-25). What is the highest common factor of i and s?
12
Let b = 1027 + -649. Let l(c) = c**2 - 7*c + 12. Let f be l(10). What is the highest common factor of b and f?
42
Let m = 3 + -2. Suppose 4*t - 3*l = 21, 2*t + 13 - 4 = -5*l. Suppose -v + 12 = t*v. Calculate the highest common divisor of v and m.
1
Let j(w) = 4*w**2 - 8*w + 12. Let n be j(3). Calculate the greatest common factor of 16 and n.
8
Suppose -3*f + 1960 = 11*f. Let q = 39 + -4. What is the greatest common divisor of f and q?
35
Let f = 26 + -9. Suppose 1165 = 5*o + n - 6*n, 263 = o + 5*n. Let g = o - 136. Calculate the greatest common divisor of g and f.
17
Let f(t) = 3*t**3 - 8*t - 4. Let x(j) = 7*j**3 + j**2 - 16*j - 7. Let v(s) = 9*f(s) - 4*x(s). Let z be v(-4). What is the greatest common divisor of 192 and z?
24
Let i = 9 + -2. Suppose 5*a - 21 = -f + 18, 5*f - 6 = 2*a. What is the greatest common factor of a and i?
7
Let z(r) = 2*r**2 + 5*r - 7. Let c be z(-3). Let b(l) = -l**2 - 17*l - 7. Let n be b(c). Calculate the greatest common divisor of n and 30.
15
Let x = 227 + -133. Suppose 33 = f - 3*c - 24, -x = -2*f + 2*c. Suppose 4*a - f = a. Calculate the highest common divisor of a and 112.
14
Suppose -24*k - 344 = -32*k. What is the highest common divisor of 473 and k?
43
Let q = -108 + 59. Let t be q/(-4) + 1/(-4). Let k = -186 + 282. Calculate the greatest common factor of t and k.
12
Let h = -145 + 51. Let y = h + 118. Calculate the greatest common divisor of y and 8.
8
Suppose -3*o = -5*v - 438, 6*o - 3*o + 5*v = 408. Calculate the highest common divisor of 329 and o.
47
Let h = 27 + -12. Suppose -s + 2 = -h. Calculate the greatest common factor of s and 119.
17
Suppose 10 = 2*h + 3*h. Suppose 7*w = h*w - 5*p + 40, 2*w + 5*p = 16. Calculate the highest common divisor of w and 20.
4
Let p(k) = k + 16. Let f be p(10). Let c = f + 40. Suppose -22 = -5*v - 4*n, -3*v + 12 = 2*n + n. Calculate the highest common factor of v and c.
6
Let q = 729 - 723. Calculate the greatest common divisor of q and 2.
2
Suppose -2*t = -0*t - 4. Suppose -2*n + 41 = -23. Let z = n + -18. Calculate the greatest common factor of t and z.
2
Let x(y) be the first derivative of y**2/2 + 11*y - 1. Let m be x(-5). What is the greatest common divisor of m and 2?
2
Let q = -4 - -6. Suppose 2*h - 46 = -q*l, 3*h - 4*l = -0*l + 55. Suppose -3*j - 1 = 5*f + 10, -4*f - 31 = -5*j. Calculate the greatest common factor of j and h.
3
Let h be ((-20)/(-50))/((-1)/(-10)). Suppose 5*l - 5*u = 35, h*l - 5*u - 27 = 3*l. Suppose -l*f + 3 = f. What is the greatest common factor of 4 and f?
1
Suppose 156 = 5*a + y, -2*a + 17*y - 14*y = -76. What is the highest common divisor of a and 144?
16
Let h be -8*(-35)/56 - 3*1. Suppose 2*x - 4*r - 24 = 4, 2*x + 2*r = 10. Calculate the greatest common divisor of x and h.
2
Let b(f) = 35*f**3 - f**2 - 6*f + 8. Let k be b(1). What is the highest common divisor of 174 and k?
6
Suppose 132 = 6*g - 5*g. What is the greatest common divisor of g and 176?
44
Let c(m) = -m**3 + m**2 + 8*m + 6. Let k be c(5). Let l = -40 - k. Let u be 0 + 15 + (0 - 1). Calculate the highest common factor of l and u.
14
Let o be ((-97)/(-2))/(24/432). What is the highest common factor of o and 97?
97
Suppose 0 = -5*o + 134 + 146. Let k(l) = -l**2 - 22*l + 20. Let x be k(-10). What is the highest common divisor of o and x?
28
Let q(n) = 2